 - -5.
-3
Evaluate -10 + (13 - 7) + 1 + 10.
7
What is (-4 + 9 - -1) + -8?
-2
Evaluate -6 - (-7 - 7) - 7.
1
-19 - -17 - (0 + 5)
-7
Calculate 4 + -6 - 1 - 2.
-5
Calculate (12 - 11) + (2 - 0).
3
What is the value of 4 - (3 - 6) - 2?
5
0 - (12 - 11) - (1 - 3)
1
Calculate 2 - (4 + -2) - (1 + -1).
0
What is the value of 3 - 1 - 4 - -4?
2
(4 - (-5 + 9)) + -7 + 12
5
Calculate 4 - (3 + -10 + 4).
7
Evaluate 0 + (0 + -5 - (2 - 2)).
-5
What is -2 + (-9 + 3 - (-13 - -10))?
-5
Evaluate 3 + -11 - (2 - 0 - 6).
-4
5 + -14 + 6 + 4 + 1
2
-2 + (-5 - (-4 - -2)) - -6
1
Evaluate 2 + 2 - (-2 + -11 + 8).
9
Calculate (-2 - 0) + (-4 - -2).
-4
12 + -21 + 6 + -6
-9
Calculate 3 - (-5 + 4 - -3).
1
Evaluate 16 + (-11 - 1) + 0 + -8.
-4
Evaluate -11 + 2 + 8 + (-1 - -1).
-1
What is 2 - (18 + -2 + -3 + -5)?
-6
What is (1 - -6) + -6 + (2 - -2)?
5
-2 - (5 - 1 - 5)
-1
Calculate 2 - 6 - ((3 - 5) + -1).
-1
What is the value of -5 + (9 - (7 + -5))?
2
Calculate (-3 - (-2 + (-3 - 0))) + -3.
-1
Evaluate (-3 + 13 - 6) + 3.
7
Evaluate (-4 - -7) + (-9 - -17).
11
What is 2 + -3 - (-12 + 2)?
9
What is (-3 - (-1 - 6)) + -1?
3
What is the value of 7 - (-2 - (-19 + 11))?
1
What is the value of 0 + (6 + -1 - 1)?
4
What is the value of -3 - ((5 + -8 - -1) + 4)?
-5
(-31 - -33 - (1 + -8)) + -5
4
Calculate (-2 - 2 - (-3 - 2)) + 0.
1
Evaluate 6 - 15 - -1 - -3.
-5
What is -28 + 31 + (1 - -4)?
8
Calculate 1 + -4 + 20 + -13 - 0.
4
5 + (-4 - -5) + -3
3
Calculate 3 + 1 + (0 - 8).
-4
Evaluate -2 + -1 - (5 - 5 - -2).
-5
What is -2 - -9 - (3 + -1)?
5
Calculate -1 + 1 + (8 - 2) + -6.
0
What is 1 - 4 - -3 - (21 - 28)?
7
Calculate -8 + (4 - 2) - (0 - 3).
-3
What is the value of -3 - (-3 + -9 + (-6 - -10))?
5
What is the value of (1 - 13) + 12 - -11?
11
What is -4 - -7 - (15 + (-3 - 2))?
-7
What is the value of (6 + 5 - 3) + -10 + -2?
-4
What is the value of 3 - -5 - 2 - (1 + 4)?
1
Evaluate -16 + 17 + (1 - (2 - -3)).
-3
What is -2 + 2 - (2 - (-3 + 8))?
3
(-9 - (-19 - -8)) + 4
6
-7 + -1 + (1 - -9) - 0
2
What is the value of -5 - -4 - -2 - 6?
-5
Evaluate (-3 - (-4 + 3)) + (10 - 5).
3
What is the value of -5 - -8 - -2 - (0 - 1)?
6
Calculate 12 + (1 - (7 - 1)).
7
What is the value of (-8 - -2) + (10 - 8) + 1?
-3
Calculate -16 - (-14 + (14 - (-2 - -9))).
-9
What is -1 - -8 - 2 - (0 - 0)?
5
-5 + 9 + -2 - 4
-2
Calculate (6 - 2) + 4 + -2 + -1.
5
What is the value of -7 - (-8 - -2) - (-1 + -3)?
3
What is the value of (0 - -4) + (31 + -17 - 21)?
-3
What is the value of -7 + 8 - (2 + 1) - 3?
-5
What is the value of (-2 - 0) + (3 - 1)?
0
What is (-13 - -3) + 0 + 19?
9
What is -4 - (-1 + -6 - -1) - 7?
-5
7 - 1 - 2 - 1
3
Evaluate -7 - (47 + -52 - (-1 - 0)).
-3
Evaluate 10 - (7 + 4 + -5).
4
Calculate (-1 + 4 - 3) + 3.
3
Calculate -4 - (1 - (7 + 0)).
2
What is the value of 2 + -3 + (4 - 1) + 1?
3
Evaluate (-1 - (2 - 5)) + -5.
-3
What is 1 + (4 - (6 + 1))?
-2
Evaluate (-3 - (4 + -2) - -4) + 0.
-1
Evaluate 9 + -12 - (-3 - (-6 + 5)).
-1
Calculate 5 - (6 + 6 + -13).
6
Evaluate (6 - 12 - 1) + 1 + 5.
-1
4 - ((6 - -3) + -7)
2
What is the value of 2 - (4 - -7) - -4?
-5
Calculate 0 + 2 + 2 - (14 - 2).
-8
What is 11 + -5 + 1 - 4?
3
-37 + 39 - (-1 - (0 - -1))
4
Calculate -2 - (-1 + -8 + 0).
7
Evaluate 3 + -1 + 4 + -6.
0
What is the value of (-2 - -4 - 7) + (7 - 3)?
-1
Evaluate -3 - -7 - 5 - 4.
-5
What is -5 - (3 - 5 - (4 - 5))?
-4
Calculate (4 - 5) + 0 + 3 - 3.
-1
Calculate 0 + 3 - 0 - (1 + -1).
3
Evaluate 3 + -7 - (0 - 4).
0
Calculate 15 - 1 - -7 - 7 - 8.
6
What is (0 - (-17 + 9)) + -9?
-1
Calculate 11 + -6 + -6 - -3.
2
Calculate -2 + 1 + (-2 - (-2 + 4)).
-5
1 - (4 + -2) - -5
4
What is 1 + -3 + 5 + -8?
-5
-2 - (13 + 0 + (-20 - -15))
-10
Calculate (-3 - -7) + 1 + -2.
3
(-1 - (-2 - 1)) + 2
4
Calculate 7 + -10 - (-2 - (0 - -1)).
0
3 + (3 + -3 + 4 - 2)
5
Calculate -10 - ((-1 - -3) + -7).
-5
-2 + (1 - -6) + (42 - 49)
-2
Calculate 12 + (-2 - 3) - 3.
4
What is -1 - (0 - -5) - -1?
-5
What is the value of 3 + 0 - (-5 - -6)?
2
What is the value of 6 - (6 + 0 + 6)?
-6
Evaluate 4 - (3 + (1 - 1)).
1
What is (0 - 0) + (-3 - -4)?
1
What is -8 - ((-9 - -1) + 24 + -22)?
-2
What is 1 - 1 - (-7 - -10 - -1)?
-4
What is the value of 2 + -19 + -3 + (0 - -9)?
-11
Evaluate 1 + (2 - 5) - (-4 - -4).
-2
What is the value of 13 + -15 - (1 + 0) - -10?
7
What is -18 + 14 + 9 + -2?
3
Calculate (5 - 1 - (1 + 3)) + -2.
-2
Calculate -1 - 1 - (1 + -7).
4
Calculate -1 + (-2 + -3 + 2 - 1).
-5
What is 12 - (12 + -7 + 6)?
1
What is -3 + -1 + (-5 - -10)?
1
What is the value of 6 + (12 + -3 - 17)?
-2
-5 + -4 + 4 + 10
5
What is 6 + (-13 - -19 - 22)?
-10
What is 0 - (4 - (-2 + 3) - 0)?
-3
(16 - 23) + 0 + 6
-1
1 + (-4 - -4 - 1)
0
-13 + 1 - (4 - 16)
0
11 + -29 - -7 - -17
6
1 + 1 + 0 + -1 + 0
1
What is the value of 0 + (-10 - (-5 + -1)) + 0?
-4
What is (1 - 2) + (15 - 12)?
2
Calculate (12 - 7 - 3) + -10.
-8
Calculate 5 - ((8 - 4) + 2 + -1).
0
What is the value of -2 + 0 + (-4 - -3) + 1?
-2
2 + 1 + 1 + -4
0
-1 + (1 + 1 + -9 - -4)
-4
Calculate -9 + -2 + 11 + 5.
5
What is the value of (17 - 22) + 1 + (6 - 4)?
-2
Calculate (-10 - -7 - -5) + (1 - 0).
3
What is the value of 0 - (-2 - -1) - -3?
4
Evaluate (-2 - (2 - -5)) + 4.
-5
What is (19 - 23) + 1 + 0?
-3
2 + (-14 + 8 - (-3 + 0))
-1
What is (4 - 2) + -13 - (-3 + 0)?
-8
Calculate -7 + 1 - (-7 - (25 - 17)).
9
7 + (-1 - 5 - -1)
2
21 + -25 - (-2 - -1 - 6)
3
Calculate (0 - -3) + -4 - -2.
1
Evaluate -3 + (11 - (0 - (-8 + 11))).
11
Calculate -14 + 17 - (2 - 0).
1
What is the value of 9 + (-9 - 1 - -2)?
1
Calculate 8 + 2 + (1 - (10 + -6)).
7
Calculate -6 + (-1 - -2) + -1.
-6
Calculate 3 + (0 - -4 - 3) - 0.
4
-7 + 9 + 4 - (1 - -12)
-7
-5 + 1 + (-17 - -20)
-1
What is the value of 10 + -2 - (5 - 1) - 2?
2
-18 + (2 - (-8 - (4 + -7)))
-11
What is the value of -2 - -7 - (-14 + 5 + 12)?
2
(1 - -3) + 4 + -6 + 1
3
-2 - ((-5 - 0) + (12 - 8))
-1
-5 + 4 + (-11 - -16)
4
Evaluate (0 - -4) + 11 + -5 + -7.
3
2 - (-3 + (-5 - (3 - 17)))
-4
Evaluate 4 + (-3 + 5 - (-3 + 6)).
3
Evaluate -8 + (8 - 2) - (3 - 5).
0
What is the value of -1 - (0 + (1 - 3))?
1
-2 + -5 - (-46 - -42)
-3
-9 + 4 - 6 - -5
-6
What is -5 + 0 + -3 + 7 + 0?
-1
What is the value of (1 - (3 + -5)) + -2 + -2?
-1
Calculate 3 + (-2 - 3) - -1 - 4.
-5
What is -5 + 3 + 5 + -1?
2
Calculate 7 - (6 + (2 + -6 - 0)).
5
(4 - 4) + -6 + 10
4
What is the value of -1 + 0 - (7 - 7)?
-1
What is 0 - (6 - (1 + 1))?
-4
What is -40 - -41 - (-1 + -5) - 14?
-7
1 + (0 - 1) + -35 + 31
-4
Evaluate -8 - (6 - 16) - (0 - 0).
2
-9 + -1 + 13 + -4
-1
What is -5 - -10 - 7 - (-1 - -1)?
-2
-2 + 1 - (0 + 6 - 9)
2
-9 - (-1 - 3) - -7
2
What is 1 + -12 + (65 - 59)?
-5
Calculate 1 + (2 - -5) + -3.
5
Evaluate -1 + (18 - 10) + 3.
10
Evaluate 0 + -6 + -2 + 3 + 0.
-5
Calculate 1 + (-1 - -1) + (4 - 8).
-3
1 - (7 - (-1 + 2 + 9))
4
What is (5 - (1 - 2)) + 101 + -111?
-4
Evaluate 2 + -6 + 1 + 3 - -3.
3
Calculate 3 + (-4 - -7 - 3).
3
What is 5 - (5 - -4) - -4?
0
Evaluate -1 + (2 - 4) + 0 + 0.
-3
What is (9 - 5) + 0 + -3?
1
What is (12 - 4) + -10 + -3?
-5
What is the value of -10 - (-4 + 2) - -4?
-4
Calculate -10 - (-14 + 7) - -1 - 3.
-5
Evaluate 4 + -3 + (-1 - -5) + 2.
7
5 + 2 + -2 + -1
4
-1 + 2 + 1 + (3 - 1)
4
1 + 6 + -10 + 9
6
What is the value of -14 + 17 - (0 + 8)?
-5
3 - (-4 - -7 - -2)
-2
Evaluate -16 + (12 - 0) + -6 + 2.
-8
Evaluate -10 + -4 + 15 + -5.
-4
Calculate 4 + (0 - 0 - 0) + 0.
4
4 + 1 + -13 + 4
-4
-7 - (-5 + 1) - -3
0
What is -8 - -7 - 6 - -6?
-1
What is the value of (-4 - (-2 + -3)) + -3?
-2
What is the value of -155 - -149 - (-10 + 0)?
4
Evaluate 1 - (-11 + 3 + 1 + 4).
4
(13 + -13 + 8 - 15) + 5
-2
What is (5 - 5) + (-3 + -1 - -2)?
-2
What is the value of (-3 - -3) + 7 + 3?
10
Evaluate 6 + 0 + -13 + 0 + 1.
-6
-4 - (0 + -10 + -1)
7
What is 0 - (-1 + -1) - (4 + -4)?
2
Calculate -3 + 1 + 6 - 0.
4
Calculate -5 - (-5 + (-6 - 0 - -1)).
5
What is 6 + (-5 - -2 - (-4 - -6))?
1
2 + 17 + (-2 + 9 - 15)
11
What is -2 - ((1 - 2) + 1 + -6)?
4
What is the value of -20 + -11 + 21 + 1?
-9
What is the value of 2 + (3 - (-1 + (2 - 0)))?
4
Evaluate 3 - (2 + -5 + 6).
0
Evaluate -3 + 2 + 2 + (-7 - -1).
-5
1 + (1 - 1) + -11 + 13
3
Calculate -5 + 8 - (1 - 2 - -1).
3
Calculate -4 - (4 + -16 + 4 - -2).
2
Evaluate -7 - -5 - ((-1 - 1) + 5).
-5
-1 + 0 - (-6 - (-11 - -5))
-1
Calculate -7 + (6 - (3 - -1)).
-5
What is the value of 7 + -8 + (2 - -3 - -1)?
5
Wha